83488777?
8
What is the thousands digit of 2947939486?
9
What is the billions digit of 1975787617?
1
What is the ten thousands digit of 8663181045?
8
What is the ten millions digit of 25186018?
2
What is the ten thousands digit of 270396228?
9
What is the units digit of 214791462?
2
What is the thousands digit of 60421322?
1
What is the hundreds digit of 4376243715?
7
What is the units digit of 3534812049?
9
What is the hundred thousands digit of 821574789?
5
What is the millions digit of 239191544?
9
What is the tens digit of 61959584?
8
What is the hundred thousands digit of 1555167404?
1
What is the thousands digit of 3272517391?
7
What is the hundreds digit of 43605730?
7
What is the tens digit of 93747637?
3
What is the tens digit of 51509565?
6
What is the ten thousands digit of 3546138412?
3
What is the hundred millions digit of 1216577588?
2
What is the hundreds digit of 106296971?
9
What is the hundred thousands digit of 117959052?
9
What is the tens digit of 7387180?
8
What is the ten thousands digit of 42611268?
1
What is the hundreds digit of 120996704?
7
What is the ten millions digit of 2209247845?
0
What is the ten thousands digit of 4676580891?
8
What is the ten millions digit of 357088985?
5
What is the units digit of 3735540147?
7
What is the units digit of 34323423?
3
What is the hundreds digit of 3143531884?
8
What is the thousands digit of 5023212156?
2
What is the hundred thousands digit of 35108927?
1
What is the units digit of 75023593?
3
What is the hundred thousands digit of 1636967027?
9
What is the ten thousands digit of 527894710?
9
What is the millions digit of 246191392?
6
What is the hundreds digit of 51291177?
1
What is the hundred thousands digit of 68620216?
6
What is the ten thousands digit of 47192932?
9
What is the millions digit of 229869817?
9
What is the units digit of 4816975019?
9
What is the tens digit of 20608232?
3
What is the hundred thousands digit of 35971161?
9
What is the thousands digit of 330710227?
0
What is the units digit of 65741117?
7
What is the millions digit of 198357731?
8
What is the millions digit of 342864201?
2
What is the hundred thousands digit of 1763126590?
1
What is the ten millions digit of 1518785103?
1
What is the thousands digit of 1273691872?
1
What is the thousands digit of 7593287953?
7
What is the hundreds digit of 1268015?
0
What is the hundred thousands digit of 2525176756?
1
What is the millions digit of 45015444?
5
What is the millions digit of 276972249?
6
What is the hundred millions digit of 325584625?
3
What is the thousands digit of 774347501?
7
What is the tens digit of 39898515?
1
What is the units digit of 37748474?
4
What is the ten thousands digit of 2568100628?
0
What is the ten millions digit of 276476147?
7
What is the units digit of 261781786?
6
What is the units digit of 645078738?
8
What is the units digit of 28364139?
9
What is the ten thousands digit of 113117094?
1
What is the ten millions digit of 1209978525?
0
What is the ten millions digit of 818424629?
1
What is the millions digit of 2188111297?
8
What is the hundred millions digit of 177047310?
1
What is the ten millions digit of 207557895?
0
What is the units digit of 7342963?
3
What is the hundreds digit of 57915105?
1
What is the hundred thousands digit of 150835999?
8
What is the millions digit of 45035774?
5
What is the hundred thousands digit of 1471690468?
6
What is the hundred millions digit of 1116754700?
1
What is the millions digit of 304149511?
4
What is the thousands digit of 812444692?
4
What is the tens digit of 2231868726?
2
What is the ten thousands digit of 580713950?
1
What is the millions digit of 237063523?
7
What is the ten thousands digit of 73634910?
3
What is the ten millions digit of 11118827?
1
What is the hundreds digit of 95089191?
1
What is the ten thousands digit of 25351994?
5
What is the hundreds digit of 437297883?
8
What is the hundred millions digit of 328862259?
3
What is the tens digit of 1999726086?
8
What is the ten millions digit of 674420079?
7
What is the hundred thousands digit of 309674012?
6
What is the billions digit of 2127674712?
2
What is the tens digit of 30744184?
8
What is the tens digit of 911972727?
2
What is the millions digit of 20133912?
0
What is the ten thousands digit of 3591499878?
9
What is the tens digit of 9663081?
8
What is the tens digit of 1404559488?
8
What is the hundreds digit of 40659609?
6
What is the thousands digit of 1954249607?
9
What is the ten thousands digit of 1960170860?
7
What is the hundreds digit of 79694605?
6
What is the units digit of 467858208?
8
What is the millions digit of 31150089?
1
What is the hundred thousands digit of 26588400?
5
What is the hundred millions digit of 5006474606?
0
What is the hundred thousands digit of 795912207?
9
What is the millions digit of 60273804?
0
What is the hundreds digit of 38291877?
8
What is the tens digit of 13973723?
2
What is the ten millions digit of 5067498215?
6
What is the units digit of 136966441?
1
What is the units digit of 602113624?
4
What is the ten millions digit of 14611591?
1
What is the ten millions digit of 152146169?
5
What is the thousands digit of 453190881?
0
What is the ten thousands digit of 710843870?
4
What is the hundred thousands digit of 3960423347?
4
What is the hundreds digit of 4661966?
9
What is the hundred thousands digit of 541055324?
0
What is the hundred millions digit of 308820305?
3
What is the billions digit of 6244645747?
6
What is the millions digit of 3852666518?
2
What is the hundred thousands digit of 211716904?
7
What is the hundreds digit of 8608163098?
0
What is the thousands digit of 86675036?
5
What is the ten thousands digit of 1030974893?
7
What is the units digit of 314676656?
6
What is the hundred thousands digit of 563915764?
9
What is the thousands digit of 16882080?
2
What is the millions digit of 1827236689?
7
What is the hundreds digit of 14489952?
9
What is the units digit of 168733183?
3
What is the tens digit of 69062139?
3
What is the units digit of 3210936?
6
What is the ten millions digit of 1306427966?
0
What is the tens digit of 415753865?
6
What is the hundreds digit of 283613?
6
What is the millions digit of 24244970?
4
What is the ten thousands digit of 123002999?
0
What is the units digit of 41584074?
4
What is the ten millions digit of 132359132?
3
What is the tens digit of 1876406080?
8
What is the ten thousands digit of 13986722?
8
What is the millions digit of 158794921?
8
What is the hundreds digit of 41777626?
6
What is the hundred millions digit of 1923618870?
9
What is the hundred thousands digit of 445467803?
4
What is the ten millions digit of 564402333?
6
What is the hundred thousands digit of 70404290?
4
What is the ten thousands digit of 86034600?
3
What is the ten millions digit of 293444182?
9
What is the thousands digit of 158401685?
1
What is the units digit of 34156609?
9
What is the thousands digit of 6106302587?
2
What is the hundred thousands digit of 2528399130?
3
What is the hundred millions digit of 319345827?
3
What is the ten thousands digit of 3810370710?
7
What is the ten millions digit of 23478557?
2
What is the millions digit of 92313806?
2
What is the thousands digit of 55933095?
3
What is the ten thousands digit of 33986355?
8
What is the hundred thousands digit of 103245564?
2
What is the units digit of 447135074?
4
What is the units digit of 2392991964?
4
What is the hundred thousands digit of 361918864?
9
What is the thousands digit of 16382062?
2
What is the hundred thousands digit of 2844593370?
5
What is the units digit of 40195300?
0
What is the millions digit of 73285471?
3
What is the hundred thousands digit of 18816661?
8
What is the hundred thousands digit of 1006090790?
0
What is the tens digit of 23121975?
7
What is the units digit of 286585913?
3
What is the tens digit of 3216624180?
8
What is the tens digit of 81797278?
7
What is the thousands digit of 4546932391?
2
What is the units digit of 5808548?
8
What is the hundreds digit of 128934581?
5
What is the hundreds digit of 6139732893?
8
What is the tens digit of 1412619299?
9
What is the thousands digit of 1030076134?
6
What is the tens digit of 172205238?
3
What is the hundreds digit of 57